{"version":"1.0","provider_name":"PORTAL DE NOT\u00cdCIAS  CLEITON PINHEIRO","provider_url":"https:\/\/cleitonpinheiro.com.br\/site","author_name":"Reda\u00e7\u00e3o CP","author_url":"https:\/\/cleitonpinheiro.com.br\/site\/author\/redacao\/","title":"CNU dos Professores: inscri\u00e7\u00f5es come\u00e7am nesta segunda-feira - PORTAL DE NOT\u00cdCIAS CLEITON PINHEIRO","type":"rich","width":600,"height":338,"html":"<blockquote class=\"wp-embedded-content\" data-secret=\"DJFkkI3huJ\"><a href=\"https:\/\/cleitonpinheiro.com.br\/site\/cnu-dos-professores-inscricoes-comecam-nesta-segunda-feira\/\">CNU dos Professores: inscri\u00e7\u00f5es come\u00e7am nesta segunda-feira<\/a><\/blockquote><iframe sandbox=\"allow-scripts\" security=\"restricted\" src=\"https:\/\/cleitonpinheiro.com.br\/site\/cnu-dos-professores-inscricoes-comecam-nesta-segunda-feira\/embed\/#?secret=DJFkkI3huJ\" width=\"600\" height=\"338\" title=\"&#8220;CNU dos Professores: inscri\u00e7\u00f5es come\u00e7am nesta segunda-feira&#8221; &#8212; PORTAL DE NOT\u00cdCIAS  CLEITON PINHEIRO\" data-secret=\"DJFkkI3huJ\" frameborder=\"0\" marginwidth=\"0\" marginheight=\"0\" scrolling=\"no\" class=\"wp-embedded-content\"><\/iframe><script>\n\/*! This file is auto-generated *\/\n!function(d,l){\"use strict\";l.querySelector&&d.addEventListener&&\"undefined\"!=typeof URL&&(d.wp=d.wp||{},d.wp.receiveEmbedMessage||(d.wp.receiveEmbedMessage=function(e){var t=e.data;if((t||t.secret||t.message||t.value)&&!\/[^a-zA-Z0-9]\/.test(t.secret)){for(var s,r,n,a=l.querySelectorAll('iframe[data-secret=\"'+t.secret+'\"]'),o=l.querySelectorAll('blockquote[data-secret=\"'+t.secret+'\"]'),c=new RegExp(\"^https?:$\",\"i\"),i=0;i<o.length;i++)o[i].style.display=\"none\";for(i=0;i<a.length;i++)s=a[i],e.source===s.contentWindow&&(s.removeAttribute(\"style\"),\"height\"===t.message?(1e3<(r=parseInt(t.value,10))?r=1e3:~~r<200&&(r=200),s.height=r):\"link\"===t.message&&(r=new URL(s.getAttribute(\"src\")),n=new URL(t.value),c.test(n.protocol))&&n.host===r.host&&l.activeElement===s&&(d.top.location.href=t.value))}},d.addEventListener(\"message\",d.wp.receiveEmbedMessage,!1),l.addEventListener(\"DOMContentLoaded\",function(){for(var e,t,s=l.querySelectorAll(\"iframe.wp-embedded-content\"),r=0;r<s.length;r++)(t=(e=s[r]).getAttribute(\"data-secret\"))||(t=Math.random().toString(36).substring(2,12),e.src+=\"#?secret=\"+t,e.setAttribute(\"data-secret\",t)),e.contentWindow.postMessage({message:\"ready\",secret:t},\"*\")},!1)))}(window,document);\n\/\/# sourceURL=https:\/\/cleitonpinheiro.com.br\/site\/wp-includes\/js\/wp-embed.min.js\n<\/script>\n","thumbnail_url":"https:\/\/cleitonpinheiro.com.br\/site\/wp-content\/uploads\/2025\/07\/53694956888_6c5a3527f9_o.webp","thumbnail_width":1170,"thumbnail_height":700,"description":"As inscri\u00e7\u00f5es dos candidatos para a primeira edi\u00e7\u00e3o da Prova Nacional Docente come\u00e7am nesta segunda-feira (14) e se estendem at\u00e9 25 de julho. Os interessados devem se inscrever exclusivamente pelo&nbsp;Sistema PND, dispon\u00edvel no portal do Instituto Nacional de Estudos e Pesquisas Educacionais An\u00edsio Teixeira (Inep). O valor da taxa de inscri\u00e7\u00e3o para o chamado CNU [&hellip;]"}

PORTAL DE NOTÍCIAS  CLEITON PINHEIRO

Redação CP

CNU dos Professores: inscrições começam nesta segunda-feira - PORTAL DE NOTÍCIAS CLEITON PINHEIRO

<blockquote class="wp-embedded-content" data-secret="DJFkkI3huJ"><a href="https://cleitonpinheiro.com.br/site/cnu-dos-professores-inscricoes-comecam-nesta-segunda-feira/">CNU dos Professores: inscrições começam nesta segunda-feira</a></blockquote><iframe sandbox="allow-scripts" security="restricted" src="https://cleitonpinheiro.com.br/site/cnu-dos-professores-inscricoes-comecam-nesta-segunda-feira/embed/#?secret=DJFkkI3huJ" width="600" height="338" title="&#8220;CNU dos Professores: inscrições começam nesta segunda-feira&#8221; &#8212; PORTAL DE NOTÍCIAS  CLEITON PINHEIRO" data-secret="DJFkkI3huJ" frameborder="0" marginwidth="0" marginheight="0" scrolling="no" class="wp-embedded-content"></iframe><script>
/*! This file is auto-generated */
!function(d,l){"use strict";l.querySelector&&d.addEventListener&&"undefined"!=typeof URL&&(d.wp=d.wp||{},d.wp.receiveEmbedMessage||(d.wp.receiveEmbedMessage=function(e){var t=e.data;if((t||t.secret||t.message||t.value)&&!/[^a-zA-Z0-9]/.test(t.secret)){for(var s,r,n,a=l.querySelectorAll('iframe[data-secret="'+t.secret+'"]'),o=l.querySelectorAll('blockquote[data-secret="'+t.secret+'"]'),c=new RegExp("^https?:$","i"),i=0;i<o.length;i++)o[i].style.display="none";for(i=0;i<a.length;i++)s=a[i],e.source===s.contentWindow&&(s.removeAttribute("style"),"height"===t.message?(1e3<(r=parseInt(t.value,10))?r=1e3:~~r<200&&(r=200),s.height=r):"link"===t.message&&(r=new URL(s.getAttribute("src")),n=new URL(t.value),c.test(n.protocol))&&n.host===r.host&&l.activeElement===s&&(d.top.location.href=t.value))}},d.addEventListener("message",d.wp.receiveEmbedMessage,!1),l.addEventListener("DOMContentLoaded",function(){for(var e,t,s=l.querySelectorAll("iframe.wp-embedded-content"),r=0;r<s.length;r++)(t=(e=s[r]).getAttribute("data-secret"))||(t=Math.random().toString(36).substring(2,12),e.src+="#?secret="+t,e.setAttribute("data-secret",t)),e.contentWindow.postMessage({message:"ready",secret:t},"*")},!1)))}(window,document);
//# sourceURL=https://cleitonpinheiro.com.br/site/wp-includes/js/wp-embed.min.js
</script>

As inscrições dos candidatos para a primeira edição da Prova Nacional Docente começam nesta segunda-feira (14) e se estendem até 25 de julho. Os interessados devem se inscrever exclusivamente pelo&nbsp;Sistema PND, disponível no portal do Instituto Nacional de Estudos e Pesquisas Educacionais Anísio Teixeira (Inep). O valor da taxa de inscrição para o chamado CNU [&hellip;]
